ose -3*d - f*d = -20. What is the units digit of d?
4
Let v = -319 - -717. What is the hundreds digit of v?
3
Suppose m = -2*a + 245, 2*m = 3*a + 7*m - 350. What is the tens digit of a?
2
Let c(w) = 22*w - 53. What is the hundreds digit of c(20)?
3
Suppose 0 = 6*a - 12*a + 18. Let k(c) = 14*c**2 + 4*c + 4. What is the hundreds digit of k(a)?
1
Let v(f) = f**2 - 2*f - 8. Let k be v(4). Let b(o) = o**2 - 5*o - 2. Let x be b(6). Suppose k*m = -x*m - 16, -24 = -5*p + m. What is the units digit of p?
4
Suppose -4*k - 2*b + 36 = 0, -26 + 24 = b. What is the tens digit of k?
1
Let a be (4/(-12))/((-1)/15). Suppose -4*n = -5*r - 32, -2*r + a = 13. Suppose -456 = -n*m - 5*m. What is the tens digit of m?
5
Suppose 12629 = 10*h - 11401. What is the units digit of h?
3
Let h(g) = -81*g - 86. What is the units digit of h(-3)?
7
Suppose 5*y = -4*y + 252. What is the units digit of y/(-10)*(-25)/2?
5
Suppose 2*j + s = 4, -3*j - 20 = -3*s - 2*s. Suppose -2*t + 4*y + 100 = j, 20 = y + 3*y. What is the tens digit of t?
6
Let m be -1 - (1 - 2)*0. What is the units digit of (36/12)/((-59)/62 - m)?
2
Suppose -33*x + 31*x - 4 = 0, 0 = m + 2*x - 275. What is the hundreds digit of m?
2
Suppose 3*d + 0 = 12. Let u = 21 - d. What is the units digit of u?
7
Suppose 3*l = -0*l - 276. Let g be ((-3)/6)/(2/l). Suppose 0 = -w - 3*s - 2 - 3, -4*s - g = -w. What is the units digit of w?
7
Let a be 169/(-39) - 4/6. What is the units digit of (a + 36/6)/((-2)/(-46))?
3
Let q be (3 + -3 + 2)*1. Suppose -5*g - 23 = q*m - 3*m, -4*m - 5*g - 8 = 0. Suppose -o - m*k = -9 - 5, -o + 3*k = -32. What is the units digit of o?
3
Let r be (-3)/6 - (-6)/(-4). What is the units digit of 74 + r + (-1 - -3)?
4
Let p = 52 + -27. Suppose -19*s - 1170 = -p*s. What is the hundreds digit of s?
1
Let f = 10 + -8. What is the units digit of (-1)/(3/f - 253/154)?
7
Let u = -87 - -92. Let n(m) = 3*m**3 - 4*m**2 + 9*m + 12. What is the tens digit of n(u)?
3
Let f = 44 - 49. What is the tens digit of 3*21 - (-10)/f?
6
Let h = -27 - -111. Let r = -15 + h. What is the units digit of r?
9
Let t be (((-9)/12)/(1/12))/(-1). Suppose 251 = t*j - 289. What is the units digit of j?
0
Let y(g) = 248*g**2 - g + 2. What is the tens digit of y(-1)?
5
Suppose 5*h - 4*o - 6919 = 0, -2*o - 3*o = 2*h - 2761. What is the thousands digit of h?
1
Let h = 472 - 277. Suppose 0 = -9*n + h + 57. What is the units digit of n?
8
Let t(s) = s**3 + 7*s**2 + s + 6. Let a be t(-7). What is the units digit of 17 - ((-3)/(-6)*8 + a)?
4
Suppose 5*n - 3*k - 17 = 51, -n = k - 20. Let b(y) = -1 - 27*y + 0*y**2 - y**2 + n*y. What is the tens digit of b(-8)?
2
Let z = 8 + -5. Suppose -4*g = z*h - 7, 4*h - 3*h - 9 = 2*g. Suppose -4*i - h*u + 91 = 0, u = -2*i - 0*u + 41. What is the tens digit of i?
1
Suppose 0 = -256*q + 257*q - 191. What is the units digit of q?
1
Let c(g) = g**2 + 2*g + 1. Let t be c(-1). Let b be (-6)/27 - (-40)/18. Suppose -4*h - b*h + 186 = t. What is the tens digit of h?
3
Suppose -5*y + 3*p + 311 = -0*y, y - 3*p = 55. Let r = y - 26. What is the tens digit of r?
3
Let s(v) = -v - 8. Let k be s(-15). Let h(i) = -i**2 + 8*i + 8. Let y be h(k). What is the tens digit of 20/2*y/6?
2
Suppose -9*x + 4*x = 15, 0 = 4*t + 3*x - 891. What is the hundreds digit of t?
2
What is the tens digit of (-24)/(-18) + (-5866)/(-42)?
4
Let o(n) = -n - 12. Let r be o(-15). Suppose r*k - 297 = -0*k - 4*d, d + 92 = k. What is the units digit of k?
5
Let o(m) = 2*m**3 + 15*m**2 - 3*m - 11. Let l(x) = x**3 + 7*x**2 - 2*x - 6. Let k(f) = 9*l(f) - 4*o(f). Let a be k(-4). What is the tens digit of 1*(-26)/a*1?
1
Suppose -4*d = d + 2*g + 5, d + 3*g = -14. What is the units digit of 1*(3 + -1)*d?
2
Let i = -947 + 1360. What is the hundreds digit of i?
4
Suppose -7094 = -3*p + 880. What is the units digit of p?
8
What is the units digit of ((-193080)/88)/(-5) + 4/22?
9
Let u(w) = 136*w**2 - 102*w + 431. What is the thousands digit of u(4)?
2
Suppose 0 = t + 8*t + 63. What is the units digit of ((-6)/t)/((-4)/(-896))?
2
Suppose 14*o = 181 + 1. What is the tens digit of o?
1
Suppose -5*x - 57 = -6*x. What is the tens digit of (7 - x)*(-1)/1?
5
Suppose n - 101 = -349. What is the tens digit of (3 - 0)/(1*(-12)/n)?
6
Let r = -9 + 2. Let x(f) be the first derivative of f**4/4 + 7*f**3/3 - 5*f**2/2 - 9*f - 5. What is the units digit of x(r)?
6
Let x(s) = s**3 + 3*s**2 + s + 4. Let q be (1 - (-2 - -3)) + -3. What is the units digit of x(q)?
1
Suppose j - 1 + 24 = 0. Let r = j - -31. Suppose -3*o + r = -10. What is the units digit of o?
6
Suppose -21 = -5*u + 4*o, 4*o - 13 = -2*u + o. Let f(d) = d**3 - 4*d**2 - 7*d + 6. Let h be f(u). What is the tens digit of (2/h)/(1/(-122))?
6
Let v = 1 + -42. Let g = 262 + v. Suppose 3*k = 2*l - 91, k + g = 5*l - 0*k. What is the units digit of l?
4
Let o(a) = -a**3 - 2*a**2 + 6*a - 5. Let d be o(-4). Suppose 406 = 3*x - w, 2*w - 4 = d*w. What is the hundreds digit of x?
1
Suppose -5*x - 3*n + 5*n = -7, 0 = 3*x - 5*n + 11. Suppose -420 = -4*s - x*s. What is the tens digit of s?
6
Let h(l) be the first derivative of -l**2/2 + 8*l - 5. What is the units digit of h(3)?
5
Suppose 52*c - 47*c - 495 = 0. What is the tens digit of c?
9
Suppose -14*i = -7*i. Suppose i*o - 68 = -o. What is the units digit of o?
8
Let s(o) = -o**2 + 13*o + 8. Suppose -4*f = -2*g - 2*g + 44, 2 = -2*f. What is the tens digit of s(g)?
3
Let p(d) = -1 - 11*d + 7*d + 4*d + 2*d**2 + 23*d**3. What is the units digit of p(1)?
4
Suppose -k = 2*m + 2 + 1, 5*k = m + 18. What is the tens digit of (-3290)/(-50) + m/(-15)?
6
Suppose 4*x + 1 = 5*x. Suppose -5 + x = -h. Suppose h*f - 8 = -s - 0*f, 4*s - 66 = f. What is the tens digit of s?
1
Let n(g) = -18*g**3 + 5*g**2 - 2*g + 12. What is the thousands digit of n(-4)?
1
Suppose -y + 7 = 3. Suppose -31*r + 27*r + 4 = 0. Suppose y*u = -r + 5. What is the units digit of u?
1
Let y(p) = p**3 - 5*p**2 + 5*p - 2. Let c be y(4). Let d(n) = n**2 - 11*n - 97. Let a be d(19). Let t = a - c. What is the units digit of t?
3
Suppose 2*l - 3*q + 30 = 311, 0 = q - 3. Suppose 12*t = 13*t - l. What is the hundreds digit of t?
1
Let w(v) = -206*v - 2 - 2*v**2 + 5*v**2 + 0*v**2 + 202*v. What is the units digit of w(-5)?
3
What is the thousands digit of (113602/(-316))/((-2)/20)?
3
Let h = 7751 - 4166. What is the units digit of 9/(-21) + h/35?
2
Let m = 75 - 79. What is the hundreds digit of 145 - (4 - (m - -4))?
1
Let a be (-4)/(-12) - 22/(-6). Suppose 3*v - a*w - 10 = 0, -2*w = 5*v - 0*w - 8. Suppose -5*q = 3*k - 125, 3*q - v*q - 5*k = 25. What is the units digit of q?
5
Let u(v) = -v**3 - 3*v**2 - 12*v + 3897. What is the tens digit of u(0)?
9
Let n(z) = z**3 + 3*z**2 + 3*z + 2. Suppose 4*d + 2 = o, -3*o - 5*d - 16 + 5 = 0. Let m be n(o). Suppose m = 5*s + 22 - 152. What is the tens digit of s?
2
Suppose c - 6*c - 5*f = 55, -f - 17 = 2*c. What is the tens digit of 28/(-21) + (-470)/c?
7
Suppose -6 = -z - 3. Suppose -x = -z*x. Let i(d) = d + 33. What is the tens digit of i(x)?
3
Let i(n) = -n**3 + 27*n**2 - 21*n - 117. What is the units digit of i(18)?
1
Let c = -229 + 560. Suppose -4*h = -3*p + 222, -h - c + 118 = -3*p. What is the units digit of p?
0
Let i = -11 - -14. Suppose -i*r = -5*r. Let k = 10 - r. What is the tens digit of k?
1
Let b = -24 + 118. What is the units digit of b?
4
Let z = 3812 + -2250. What is the thousands digit of z?
1
Suppose -50*s + 54*s = 2936. What is the hundreds digit of s?
7
Suppose i - 2*a = 5*i + 56, -28 = 2*i - 4*a. Let r(l) = -l - 54. Let t(m) = m + 36. Let g(s) = -5*r(s) - 8*t(s). What is the tens digit of g(i)?
2
Let n be 208 + 6/2 + -3. Suppose 7*q - n = 3*q. What is the units digit of q?
2
Let w be 16/(-5)*(5 + -70). Suppose 6*n - w = 122. What is the units digit of n?
5
Suppose 13*z = 16*z - 3117. What is the thousands digit of z?
1
Let n(m) = -99*m + 39. What is the tens digit of n(-4)?
3
Suppose 0 = -4*i + 276 - 24. Suppose 150 + i = 3*s. What is the tens digit of s?
7
Let x(s) = -29*s + 2869. What is the hundreds digit of x(0)?
8
Let a = 212 - -463. What is the hundreds digit of a?
6
Suppose 3*a + 93884 = 31*a. What is the tens digit of a?
5
Let d(k) = 25*k - 5. Let b be d(5). Suppose 4*c = c + b. Let h = c - 8. What is the units digit of h?
2
Let h(k) = -20*k**3 - k**2 - 4. Let o 